alculate the remainder when 59910292 is divided by 1338.
4
What is the remainder when 17994254 is divided by 17994253?
1
What is the remainder when 16078026 is divided by 49?
48
What is the remainder when 1089724 is divided by 13129?
17
Calculate the remainder when 25150113 is divided by 764.
761
Calculate the remainder when 164250943 is divided by 2245.
8
Calculate the remainder when 1568279 is divided by 1440.
119
What is the remainder when 22560514 is divided by 104?
2
What is the remainder when 38279653 is divided by 15?
13
What is the remainder when 91930923 is divided by 599?
596
Calculate the remainder when 2332963 is divided by 1441.
1425
Calculate the remainder when 15050674 is divided by 385.
254
Calculate the remainder when 25908 is divided by 8608.
84
What is the remainder when 81191801 is divided by 12764?
12761
Calculate the remainder when 309068 is divided by 14048.
12
What is the remainder when 1102739 is divided by 551227?
285
Calculate the remainder when 3166440 is divided by 2128.
2104
What is the remainder when 936251 is divided by 3624?
1259
What is the remainder when 9036446 is divided by 4518148?
150
Calculate the remainder when 753265 is divided by 12531.
1405
Calculate the remainder when 1460751 is divided by 691.
668
What is the remainder when 895721 is divided by 111963?
17
What is the remainder when 2503015 is divided by 29?
25
Calculate the remainder when 20515739 is divided by 1558.
1553
What is the remainder when 6898489 is divided by 985379?
836
Calculate the remainder when 3008958 is divided by 3008951.
7
Calculate the remainder when 8869172 is divided by 1475.
1472
What is the remainder when 1369154063 is divided by 24?
23
Calculate the remainder when 5638 is divided by 4948.
690
What is the remainder when 13232977 is divided by 323?
313
Calculate the remainder when 33150 is divided by 16336.
478
What is the remainder when 123912 is divided by 13723?
405
What is the remainder when 658951 is divided by 6670?
5291
What is the remainder when 10028662 is divided by 2635?
2487
Calculate the remainder when 670838 is divided by 3639.
1262
Calculate the remainder when 1022699 is divided by 5139.
38
What is the remainder when 23931 is divided by 11786?
359
What is the remainder when 26676075 is divided by 143?
140
Calculate the remainder when 154892 is divided by 6103.
2317
Calculate the remainder when 108907539 is divided by 17654.
13
What is the remainder when 3636342 is divided by 529?
525
Calculate the remainder when 11098674 is divided by 528495.
279
Calculate the remainder when 4216986 is divided by 602424.
18
What is the remainder when 3367818 is divided by 21?
6
Calculate the remainder when 96698 is divided by 10039.
6347
What is the remainder when 153685 is divided by 412?
9
What is the remainder when 44519 is divided by 7?
6
Calculate the remainder when 140503140 is divided by 139.
133
What is the remainder when 4528660 is divided by 827?
8
Calculate the remainder when 206733214 is divided by 5652.
10
Calculate the remainder when 339139 is divided by 40.
19
Calculate the remainder when 475265 is divided by 39540.
785
Calculate the remainder when 13990473 is divided by 602.
595
Calculate the remainder when 111971 is divided by 11606.
7517
What is the remainder when 838429 is divided by 1703?
553
Calculate the remainder when 41731199 is divided by 5152.
5151
What is the remainder when 73590443 is divided by 510?
503
What is the remainder when 136139 is divided by 44795?
1754
What is the remainder when 1027536 is divided by 19?
16
Calculate the remainder when 80080 is divided by 62.
38
What is the remainder when 97431 is divided by 32412?
195
What is the remainder when 1829682 is divided by 4?
2
Calculate the remainder when 17439397 is divided by 562561.
6
Calculate the remainder when 37111 is divided by 6990.
2161
What is the remainder when 2786945 is divided by 24025?
45
What is the remainder when 9174920 is divided by 297?
293
Calculate the remainder when 26794033 is divided by 14237.
14236
Calculate the remainder when 8569688 is divided by 551.
536
What is the remainder when 2589185 is divided by 201?
104
What is the remainder when 65011641 is divided by 18?
15
Calculate the remainder when 917025 is divided by 26.
5
Calculate the remainder when 190716 is divided by 21084.
960
Calculate the remainder when 1143481 is divided by 127026.
247
What is the remainder when 4760 is divided by 3107?
1653
What is the remainder when 183852 is divided by 13126?
88
What is the remainder when 3372236 is divided by 39673?
31
What is the remainder when 3659419 is divided by 243951?
154
Calculate the remainder when 503631864 is divided by 66.
54
What is the remainder when 14753294 is divided by 285?
269
What is the remainder when 412841 is divided by 20?
1
What is the remainder when 203693 is divided by 1234?
83
What is the remainder when 405078 is divided by 3240?
78
What is the remainder when 53957 is divided by 5061?
3347
Calculate the remainder when 536676 is divided by 238.
224
Calculate the remainder when 1219868 is divided by 1085.
328
What is the remainder when 4874386 is divided by 13887?
49
Calculate the remainder when 490965 is divided by 2408.
2141
What is the remainder when 78421 is divided by 39009?
403
What is the remainder when 8253750 is divided by 4177?
4175
Calculate the remainder when 84059 is divided by 7004.
11
What is the remainder when 233348 is divided by 116337?
674
Calculate the remainder when 1786860 is divided by 198533.
63
Calculate the remainder when 80960052 is divided by 55.
52
What is the remainder when 4813599 is divided by 47659?
40
Calculate the remainder when 7861289 is divided by 677.
642
Calculate the remainder when 30605314 is divided by 8.
2
What is the remainder when 1809536 is divided by 324?
320
Calculate the remainder when 766320 is divided by 616.
16
Calculate the remainder when 75468611 is divided by 243447.
41
What is the remainder when 687054 is divided by 19034?
1830
What is the remainder when 46765 is divided by 67?
66
Calculate the remainder when 175794585 is divided by 533.
525
Calculate the remainder when 2046991 is divided by 32.
15
What is the remainder when 1892054 is divided by 153?
56
Calculate the remainder when 267265 is divided by 38175.
40
What is the remainder when 8166794 is divided by 155?
154
Calculate the remainder when 1312779 is divided by 314.
259
Calculate the remainder when 107646 is divided by 14323.
7385
What is the remainder when 1401972 is divided by 573?
414
Calculate the remainder when 1357778 is divided by 712.
706
Calculate the remainder when 1038913 is divided by 259728.
1
What is the remainder when 11685878 is divided by 3804?
3794
Calculate the remainder when 6511318 is divided by 28.
2
Calculate the remainder when 16058188 is divided by 11.
3
Calculate the remainder when 20592897 is divided by 2900.
2897
What is the remainder when 7113767 is divided by 1875?
17
Calculate the remainder when 288649 is divided by 1447.
696
What is the remainder when 75814 is divided by 9427?
398
Calculate the remainder when 153675 is divided by 2541.
1215
Calculate the remainder when 86095843 is divided by 62.
39
Calculate the remainder when 77966 is divided by 5988.
122
Calculate the remainder when 22014592 is divided by 935.
17
Calculate the remainder when 51433 is divided by 1351.
95
Calculate the remainder when 8103639 is divided by 94.
87
What is the remainder when 8412368 is divided by 120?
8
Calculate the remainder when 891034 is divided by 68.
30
What is the remainder when 85225 is divided by 221?
140
Calculate the remainder when 129208355 is divided by 1767.
14
What is the remainder when 8603116 is divided by 573541?
1
Calculate the remainder when 19924 is divided by 4748.
932
What is the remainder when 2633328 is divided by 157?
124
What is the remainder when 4287636 is divided by 710?
656
What is the remainder when 5753367 is divided by 15?
12
What is the remainder when 2534266 is divided by 2271?
2101
What is the remainder when 28765436 is divided by 384?
380
Calculate the remainder when 52902850 is divided by 1510.
0
Calculate the remainder when 2736864 is divided by 1162.
354
What is the remainder when 12023497 is divided by 865?
862
Calculate